isor of 702 and 846?
18
What is the greatest common factor of 450 and 72?
18
What is the greatest common factor of 966 and 230?
46
Calculate the greatest common divisor of 38 and 1159.
19
What is the greatest common divisor of 1379 and 197?
197
What is the greatest common factor of 172 and 43?
43
Calculate the highest common divisor of 128 and 224.
32
Calculate the greatest common factor of 285 and 525.
15
What is the highest common divisor of 495 and 4653?
99
Calculate the highest common divisor of 9 and 576.
9
Calculate the greatest common divisor of 28 and 448.
28
What is the highest common factor of 432 and 9612?
108
Calculate the highest common factor of 32 and 25888.
32
What is the greatest common divisor of 15 and 35?
5
What is the greatest common divisor of 25 and 2605?
5
What is the greatest common factor of 8413 and 47?
47
Calculate the greatest common factor of 24521 and 226.
113
Calculate the highest common factor of 2723 and 7.
7
Calculate the greatest common divisor of 13 and 24557.
13
What is the highest common divisor of 319 and 116?
29
Calculate the highest common factor of 129 and 516.
129
What is the highest common factor of 175 and 945?
35
Calculate the highest common divisor of 1956 and 8.
4
Calculate the highest common divisor of 102 and 2652.
102
Calculate the highest common divisor of 2889 and 189.
27
What is the greatest common divisor of 73 and 1679?
73
What is the highest common factor of 4728 and 24?
24
What is the highest common divisor of 85 and 136?
17
Calculate the highest common divisor of 16 and 4.
4
What is the greatest common divisor of 41 and 1599?
41
What is the greatest common divisor of 60 and 12?
12
Calculate the greatest common divisor of 4416 and 69.
69
Calculate the highest common divisor of 60 and 204.
12
What is the greatest common factor of 108 and 7101?
27
Calculate the highest common factor of 532 and 152.
76
Calculate the greatest common divisor of 248 and 403.
31
What is the greatest common factor of 44 and 66?
22
What is the greatest common divisor of 560 and 240?
80
Calculate the highest common divisor of 528 and 144.
48
Calculate the highest common factor of 2387 and 33.
11
What is the highest common divisor of 10804 and 37?
37
What is the highest common factor of 3376 and 211?
211
Calculate the greatest common factor of 36 and 372.
12
What is the greatest common divisor of 30 and 260?
10
What is the greatest common divisor of 143 and 2453?
11
Calculate the highest common divisor of 32 and 7648.
32
What is the highest common factor of 102 and 12?
6
What is the greatest common divisor of 12093 and 116?
29
What is the greatest common divisor of 24 and 1376?
8
Calculate the greatest common divisor of 26 and 151892.
26
Calculate the greatest common divisor of 1870 and 330.
110
What is the highest common factor of 324 and 24?
12
Calculate the greatest common divisor of 259 and 1036.
259
What is the highest common factor of 804 and 8?
4
What is the highest common divisor of 1379 and 42?
7
Calculate the greatest common factor of 1118 and 26.
26
What is the greatest common divisor of 1633 and 23?
23
Calculate the highest common factor of 52 and 4927.
13
Calculate the greatest common divisor of 24 and 4266.
6
What is the greatest common divisor of 147 and 21?
21
Calculate the highest common factor of 345 and 15.
15
What is the greatest common factor of 405 and 5?
5
Calculate the greatest common factor of 110 and 1166.
22
Calculate the greatest common divisor of 33 and 12.
3
What is the greatest common divisor of 11 and 2893?
11
Calculate the highest common divisor of 259 and 7.
7
Calculate the highest common factor of 51 and 303.
3
Calculate the greatest common divisor of 66 and 726.
66
Calculate the greatest common divisor of 288 and 936.
72
What is the highest common divisor of 51 and 7089?
51
What is the highest common divisor of 2752 and 256?
64
What is the highest common divisor of 16 and 10?
2
What is the highest common divisor of 1900 and 76?
76
What is the greatest common factor of 168 and 1288?
56
What is the highest common factor of 2475 and 15?
15
What is the greatest common divisor of 25 and 10?
5
What is the highest common divisor of 552 and 24?
24
What is the greatest common divisor of 25 and 50?
25
Calculate the greatest common divisor of 1572 and 12.
12
Calculate the greatest common factor of 6 and 614.
2
Calculate the greatest common factor of 333 and 888.
111
Calculate the greatest common divisor of 3904 and 122.
122
What is the greatest common divisor of 39 and 52?
13
Calculate the greatest common factor of 39 and 2431.
13
What is the highest common factor of 221 and 39?
13
What is the highest common factor of 258 and 1462?
86
Calculate the greatest common factor of 9027 and 153.
153
What is the highest common factor of 12 and 492?
12
What is the greatest common divisor of 82 and 46?
2
Calculate the highest common divisor of 1276 and 132.
44
Calculate the greatest common factor of 399 and 231.
21
Calculate the highest common divisor of 12 and 16632.
12
Calculate the highest common divisor of 981 and 36.
9
Calculate the greatest common factor of 132 and 12.
12
What is the greatest common divisor of 112 and 3675?
7
What is the greatest common factor of 273 and 217?
7
Calculate the greatest common factor of 154 and 110.
22
What is the greatest common divisor of 455 and 2093?
91
Calculate the greatest common divisor of 87 and 406.
29
Calculate the highest common factor of 30 and 285.
15
What is the greatest common divisor of 25 and 500?
25
What is the highest common factor of 9786 and 42?
42
Calculate the highest common factor of 752 and 464.
16
Calculate the highest common factor of 3231 and 9.
9
Calculate the highest common factor of 44 and 4532.
44
What is the greatest common factor of 492 and 1599?
123
What is the greatest common factor of 33 and 88?
11
What is the highest common factor of 368 and 5014?
46
Calculate the highest common factor of 3961 and 34.
17
Calculate the highest common factor of 54946 and 166.
166
What is the highest common divisor of 476 and 224?
28
What is the greatest common divisor of 4 and 1252?
4
Calculate the highest common factor of 1 and 103.
1
What is the highest common divisor of 52 and 143?
13
Calculate the highest common factor of 855 and 45.
45
What is the highest common factor of 8 and 3726?
2
Calculate the highest common factor of 86 and 28466.
86
Calculate the greatest common divisor of 48 and 84.
12
What is the greatest common factor of 39 and 63?
3
Calculate the greatest common factor of 500 and 55.
5
What is the greatest common divisor of 69 and 46?
23
What is the greatest common divisor of 266 and 19?
19
Calculate the highest common divisor of 556 and 4.
4
Calculate the highest common divisor of 2 and 874.
2
What is the highest common divisor of 12 and 12?
12
Calculate the highest common factor of 2321 and 11.
11
What is the highest common factor of 1215 and 5?
5
Calculate the highest common divisor of 3 and 9.
3
Calculate the highest common factor of 144 and 9.
9
Calculate the greatest common factor of 26698 and 28.
14
What is the highest common factor of 596 and 745?
149
What is the highest common factor of 3682 and 2893?
263
Calculate the highest common factor of 696 and 32.
8
What is the highest common factor of 380 and 9348?
76
Calculate the highest common divisor of 112 and 1589.
7
What is the greatest common divisor of 63012 and 59?
59
What is the greatest common factor of 66 and 48?
6
What is the highest common divisor of 54 and 144?
18
Calculate the greatest common factor of 530 and 50.
10
Calculate the highest common factor of 220 and 1350.
10
Calculate the greatest common divisor of 11 and 451.
11
Calculate the greatest common divisor of 123 and 328.
41
What is the highest common factor of 56655 and 18?
9
What is the greatest common divisor of 135 and 180?
45
Calculate the greatest common divisor of 6 and 9.
3
What is the greatest common factor of 1008 and 7?
7
What is the greatest common factor of 578 and 68?
34
What is the greatest common divisor of 2275 and 130?
65
Calculate the greatest common factor of 52 and 156.
52
Calculate the greatest common divisor of 1474 and 77.
11
Calculate the highest common factor of 48 and 2